{"id":1294,"date":"2022-02-07T13:57:26","date_gmt":"2022-02-07T12:57:26","guid":{"rendered":"https:\/\/accisor.org\/?post_type=wpsl_stores&#038;p=1294"},"modified":"2022-02-07T14:26:30","modified_gmt":"2022-02-07T13:26:30","slug":"oficina-comarcal-agricultura-ganaderia-desarrollo-rural","status":"publish","type":"wpsl_stores","link":"http:\/\/eunate.org\/eu\/bucles\/oficina-comarcal-agricultura-ganaderia-desarrollo-rural\/","title":{"rendered":"Oficina Comarcal De Agricultura Ganader\u00eda y Desarrollo Rural del Gobierno de Navarra"},"content":{"rendered":"<p>Esta oficina dispone de un bucle port\u00e1til en el punto de informaci\u00f3n, trasladable a cualquier otro punto.<\/p>","protected":false},"excerpt":{"rendered":"<p>Esta oficina dispone de un bucle port\u00e1til en el punto de informaci\u00f3n, trasladable a cualquier otro punto.<\/p>","protected":false},"author":3,"featured_media":0,"template":"","wpsl_store_category":[14,8],"class_list":["post-1294","wpsl_stores","type-wpsl_stores","status-publish","hentry","wpsl_store_category-navarra-nafarroa","wpsl_store_category-tudela"],"yoast_head":"<!-- This site is optimized with the Yoast SEO plugin v27.5 - https:\/\/yoast.com\/product\/yoast-seo-wordpress\/ -->\n<title>Comarcal De Agricultura Ganader\u00eda y Desarrollo Rural - Asociaci\u00f3n Eunate Elkartea<\/title>\n<meta name=\"description\" content=\"Bucle en la oficina Comarcal De Agricultura Ganader\u00eda y Desarrollo Rural en Tudela. El bucle es port\u00e1til, por lo que se puede trasladar.\" \/>\n<meta name=\"robots\" content=\"index, follow, max-snippet:-1, max-image-preview:large, max-video-preview:-1\" \/>\n<link rel=\"canonical\" href=\"https:\/\/www.navarra.es\/es\/gobierno-de-navarra\/departamento-de-desarrollo-rural-y-medio-ambiente\" \/>\n<meta property=\"og:locale\" content=\"en_US\" \/>\n<meta property=\"og:type\" content=\"article\" \/>\n<meta property=\"og:title\" content=\"Comarcal De Agricultura Ganader\u00eda y Desarrollo Rural - Asociaci\u00f3n Eunate Elkartea\" \/>\n<meta property=\"og:description\" content=\"Bucle en la oficina Comarcal De Agricultura Ganader\u00eda y Desarrollo Rural en Tudela. El bucle es port\u00e1til, por lo que se puede trasladar.\" \/>\n<meta property=\"og:url\" content=\"https:\/\/www.navarra.es\/es\/gobierno-de-navarra\/departamento-de-desarrollo-rural-y-medio-ambiente\" \/>\n<meta property=\"og:site_name\" content=\"Asociaci\u00f3n Eunate Elkartea\" \/>\n<meta property=\"article:modified_time\" content=\"2022-02-07T13:26:30+00:00\" \/>\n<meta name=\"twitter:card\" content=\"summary_large_image\" \/>\n<script type=\"application\/ld+json\" class=\"yoast-schema-graph\">{\"@context\":\"https:\\\/\\\/schema.org\",\"@graph\":[{\"@type\":\"WebPage\",\"@id\":\"http:\\\/\\\/eunate.org\\\/bucles\\\/oficina-comarcal-agricultura-ganaderia-desarrollo-rural\\\/\",\"url\":\"https:\\\/\\\/www.navarra.es\\\/es\\\/gobierno-de-navarra\\\/departamento-de-desarrollo-rural-y-medio-ambiente\",\"name\":\"Comarcal De Agricultura Ganader\u00eda y Desarrollo Rural - Asociaci\u00f3n Eunate Elkartea\",\"isPartOf\":{\"@id\":\"http:\\\/\\\/eunate.org\\\/eu\\\/#website\"},\"datePublished\":\"2022-02-07T12:57:26+00:00\",\"dateModified\":\"2022-02-07T13:26:30+00:00\",\"description\":\"Bucle en la oficina Comarcal De Agricultura Ganader\u00eda y Desarrollo Rural en Tudela. El bucle es port\u00e1til, por lo que se puede trasladar.\",\"breadcrumb\":{\"@id\":\"https:\\\/\\\/www.navarra.es\\\/es\\\/gobierno-de-navarra\\\/departamento-de-desarrollo-rural-y-medio-ambiente#breadcrumb\"},\"inLanguage\":\"eu\",\"potentialAction\":[{\"@type\":\"ReadAction\",\"target\":[\"https:\\\/\\\/www.navarra.es\\\/es\\\/gobierno-de-navarra\\\/departamento-de-desarrollo-rural-y-medio-ambiente\"]}]},{\"@type\":\"BreadcrumbList\",\"@id\":\"https:\\\/\\\/www.navarra.es\\\/es\\\/gobierno-de-navarra\\\/departamento-de-desarrollo-rural-y-medio-ambiente#breadcrumb\",\"itemListElement\":[{\"@type\":\"ListItem\",\"position\":1,\"name\":\"Inicio\",\"item\":\"http:\\\/\\\/eunate.org\\\/eu\\\/\"},{\"@type\":\"ListItem\",\"position\":2,\"name\":\"Oficina Comarcal De Agricultura Ganader\u00eda y Desarrollo Rural del Gobierno de Navarra\"}]},{\"@type\":\"WebSite\",\"@id\":\"http:\\\/\\\/eunate.org\\\/eu\\\/#website\",\"url\":\"http:\\\/\\\/eunate.org\\\/eu\\\/\",\"name\":\"Asociaci\u00f3n Eunate Elkartea\",\"description\":\"Asociaci\u00f3n de Familias de personas sordas de Navarra\",\"publisher\":{\"@id\":\"http:\\\/\\\/eunate.org\\\/eu\\\/#organization\"},\"potentialAction\":[{\"@type\":\"SearchAction\",\"target\":{\"@type\":\"EntryPoint\",\"urlTemplate\":\"http:\\\/\\\/eunate.org\\\/eu\\\/?s={search_term_string}\"},\"query-input\":{\"@type\":\"PropertyValueSpecification\",\"valueRequired\":true,\"valueName\":\"search_term_string\"}}],\"inLanguage\":\"eu\"},{\"@type\":\"Organization\",\"@id\":\"http:\\\/\\\/eunate.org\\\/eu\\\/#organization\",\"name\":\"Accisor\",\"url\":\"http:\\\/\\\/eunate.org\\\/eu\\\/\",\"logo\":{\"@type\":\"ImageObject\",\"inLanguage\":\"eu\",\"@id\":\"http:\\\/\\\/eunate.org\\\/eu\\\/#\\\/schema\\\/logo\\\/image\\\/\",\"url\":\"https:\\\/\\\/accisor.org\\\/wp-content\\\/uploads\\\/2021\\\/06\\\/favicon-accisor.png\",\"contentUrl\":\"https:\\\/\\\/accisor.org\\\/wp-content\\\/uploads\\\/2021\\\/06\\\/favicon-accisor.png\",\"width\":500,\"height\":500,\"caption\":\"Accisor\"},\"image\":{\"@id\":\"http:\\\/\\\/eunate.org\\\/eu\\\/#\\\/schema\\\/logo\\\/image\\\/\"}}]}<\/script>\n<!-- \/ Yoast SEO plugin. -->","yoast_head_json":{"title":"Comarcal De Agricultura Ganader\u00eda y Desarrollo Rural - Asociaci\u00f3n Eunate Elkartea","description":"Bucle en la oficina Comarcal De Agricultura Ganader\u00eda y Desarrollo Rural en Tudela. El bucle es port\u00e1til, por lo que se puede trasladar.","robots":{"index":"index","follow":"follow","max-snippet":"max-snippet:-1","max-image-preview":"max-image-preview:large","max-video-preview":"max-video-preview:-1"},"canonical":"https:\/\/www.navarra.es\/es\/gobierno-de-navarra\/departamento-de-desarrollo-rural-y-medio-ambiente","og_locale":"en_US","og_type":"article","og_title":"Comarcal De Agricultura Ganader\u00eda y Desarrollo Rural - Asociaci\u00f3n Eunate Elkartea","og_description":"Bucle en la oficina Comarcal De Agricultura Ganader\u00eda y Desarrollo Rural en Tudela. El bucle es port\u00e1til, por lo que se puede trasladar.","og_url":"https:\/\/www.navarra.es\/es\/gobierno-de-navarra\/departamento-de-desarrollo-rural-y-medio-ambiente","og_site_name":"Asociaci\u00f3n Eunate Elkartea","article_modified_time":"2022-02-07T13:26:30+00:00","twitter_card":"summary_large_image","schema":{"@context":"https:\/\/schema.org","@graph":[{"@type":"WebPage","@id":"http:\/\/eunate.org\/bucles\/oficina-comarcal-agricultura-ganaderia-desarrollo-rural\/","url":"https:\/\/www.navarra.es\/es\/gobierno-de-navarra\/departamento-de-desarrollo-rural-y-medio-ambiente","name":"Comarcal De Agricultura Ganader\u00eda y Desarrollo Rural - Asociaci\u00f3n Eunate Elkartea","isPartOf":{"@id":"http:\/\/eunate.org\/eu\/#website"},"datePublished":"2022-02-07T12:57:26+00:00","dateModified":"2022-02-07T13:26:30+00:00","description":"Bucle en la oficina Comarcal De Agricultura Ganader\u00eda y Desarrollo Rural en Tudela. El bucle es port\u00e1til, por lo que se puede trasladar.","breadcrumb":{"@id":"https:\/\/www.navarra.es\/es\/gobierno-de-navarra\/departamento-de-desarrollo-rural-y-medio-ambiente#breadcrumb"},"inLanguage":"eu","potentialAction":[{"@type":"ReadAction","target":["https:\/\/www.navarra.es\/es\/gobierno-de-navarra\/departamento-de-desarrollo-rural-y-medio-ambiente"]}]},{"@type":"BreadcrumbList","@id":"https:\/\/www.navarra.es\/es\/gobierno-de-navarra\/departamento-de-desarrollo-rural-y-medio-ambiente#breadcrumb","itemListElement":[{"@type":"ListItem","position":1,"name":"Inicio","item":"http:\/\/eunate.org\/eu\/"},{"@type":"ListItem","position":2,"name":"Oficina Comarcal De Agricultura Ganader\u00eda y Desarrollo Rural del Gobierno de Navarra"}]},{"@type":"WebSite","@id":"http:\/\/eunate.org\/eu\/#website","url":"http:\/\/eunate.org\/eu\/","name":"Asociaci\u00f3n Eunate Elkartea","description":"Asociaci\u00f3n de Familias de personas sordas de Navarra","publisher":{"@id":"http:\/\/eunate.org\/eu\/#organization"},"potentialAction":[{"@type":"SearchAction","target":{"@type":"EntryPoint","urlTemplate":"http:\/\/eunate.org\/eu\/?s={search_term_string}"},"query-input":{"@type":"PropertyValueSpecification","valueRequired":true,"valueName":"search_term_string"}}],"inLanguage":"eu"},{"@type":"Organization","@id":"http:\/\/eunate.org\/eu\/#organization","name":"Accisor","url":"http:\/\/eunate.org\/eu\/","logo":{"@type":"ImageObject","inLanguage":"eu","@id":"http:\/\/eunate.org\/eu\/#\/schema\/logo\/image\/","url":"https:\/\/accisor.org\/wp-content\/uploads\/2021\/06\/favicon-accisor.png","contentUrl":"https:\/\/accisor.org\/wp-content\/uploads\/2021\/06\/favicon-accisor.png","width":500,"height":500,"caption":"Accisor"},"image":{"@id":"http:\/\/eunate.org\/eu\/#\/schema\/logo\/image\/"}}]}},"_links":{"self":[{"href":"http:\/\/eunate.org\/eu\/wp-json\/wp\/v2\/wpsl_stores\/1294","targetHints":{"allow":["GET"]}}],"collection":[{"href":"http:\/\/eunate.org\/eu\/wp-json\/wp\/v2\/wpsl_stores"}],"about":[{"href":"http:\/\/eunate.org\/eu\/wp-json\/wp\/v2\/types\/wpsl_stores"}],"author":[{"embeddable":true,"href":"http:\/\/eunate.org\/eu\/wp-json\/wp\/v2\/users\/3"}],"version-history":[{"count":0,"href":"http:\/\/eunate.org\/eu\/wp-json\/wp\/v2\/wpsl_stores\/1294\/revisions"}],"wp:attachment":[{"href":"http:\/\/eunate.org\/eu\/wp-json\/wp\/v2\/media?parent=1294"}],"wp:term":[{"taxonomy":"wpsl_store_category","embeddable":true,"href":"http:\/\/eunate.org\/eu\/wp-json\/wp\/v2\/wpsl_store_category?post=1294"}],"curies":[{"name":"wp","href":"https:\/\/api.w.org\/{rel}","templated":true}]}}

Oficina Comarcal De Agricultura Ganadería y Desarrollo Rural del Gobierno de Navarra

<p>Esta oficina dispone de un bucle portátil en el punto de información, trasladable a cualquier otro punto.</p>

<!-- This site is optimized with the Yoast SEO plugin v27.5 - https://yoast.com/product/yoast-seo-wordpress/ -->
<title>Comarcal De Agricultura Ganadería y Desarrollo Rural - Asociación Eunate Elkartea</title>
<meta name="description" content="Bucle en la oficina Comarcal De Agricultura Ganadería y Desarrollo Rural en Tudela. El bucle es portátil, por lo que se puede trasladar." />
<meta name="robots" content="index, follow, max-snippet:-1, max-image-preview:large, max-video-preview:-1" />
<link rel="canonical" href="https://www.navarra.es/es/gobierno-de-navarra/departamento-de-desarrollo-rural-y-medio-ambiente" />
<meta property="og:locale" content="en_US" />
<meta property="og:type" content="article" />
<meta property="og:title" content="Comarcal De Agricultura Ganadería y Desarrollo Rural - Asociación Eunate Elkartea" />
<meta property="og:description" content="Bucle en la oficina Comarcal De Agricultura Ganadería y Desarrollo Rural en Tudela. El bucle es portátil, por lo que se puede trasladar." />
<meta property="og:url" content="https://www.navarra.es/es/gobierno-de-navarra/departamento-de-desarrollo-rural-y-medio-ambiente" />
<meta property="og:site_name" content="Asociación Eunate Elkartea" />
<meta property="article:modified_time" content="2022-02-07T13:26:30+00:00" />
<meta name="twitter:card" content="summary_large_image" />
<script type="application/ld+json" class="yoast-schema-graph">{"@context":"https:\/\/schema.org","@graph":[{"@type":"WebPage","@id":"http:\/\/eunate.org\/bucles\/oficina-comarcal-agricultura-ganaderia-desarrollo-rural\/","url":"https:\/\/www.navarra.es\/es\/gobierno-de-navarra\/departamento-de-desarrollo-rural-y-medio-ambiente","name":"Comarcal De Agricultura Ganadería y Desarrollo Rural - Asociación Eunate Elkartea","isPartOf":{"@id":"http:\/\/eunate.org\/eu\/#website"},"datePublished":"2022-02-07T12:57:26+00:00","dateModified":"2022-02-07T13:26:30+00:00","description":"Bucle en la oficina Comarcal De Agricultura Ganadería y Desarrollo Rural en Tudela. El bucle es portátil, por lo que se puede trasladar.","breadcrumb":{"@id":"https:\/\/www.navarra.es\/es\/gobierno-de-navarra\/departamento-de-desarrollo-rural-y-medio-ambiente#breadcrumb"},"inLanguage":"eu","potentialAction":[{"@type":"ReadAction","target":["https:\/\/www.navarra.es\/es\/gobierno-de-navarra\/departamento-de-desarrollo-rural-y-medio-ambiente"]}]},{"@type":"BreadcrumbList","@id":"https:\/\/www.navarra.es\/es\/gobierno-de-navarra\/departamento-de-desarrollo-rural-y-medio-ambiente#breadcrumb","itemListElement":[{"@type":"ListItem","position":1,"name":"Inicio","item":"http:\/\/eunate.org\/eu\/"},{"@type":"ListItem","position":2,"name":"Oficina Comarcal De Agricultura Ganadería y Desarrollo Rural del Gobierno de Navarra"}]},{"@type":"WebSite","@id":"http:\/\/eunate.org\/eu\/#website","url":"http:\/\/eunate.org\/eu\/","name":"Asociación Eunate Elkartea","description":"Asociación de Familias de personas sordas de Navarra","publisher":{"@id":"http:\/\/eunate.org\/eu\/#organization"},"potentialAction":[{"@type":"SearchAction","target":{"@type":"EntryPoint","urlTemplate":"http:\/\/eunate.org\/eu\/?s={search_term_string}"},"query-input":{"@type":"PropertyValueSpecification","valueRequired":true,"valueName":"search_term_string"}}],"inLanguage":"eu"},{"@type":"Organization","@id":"http:\/\/eunate.org\/eu\/#organization","name":"Accisor","url":"http:\/\/eunate.org\/eu\/","logo":{"@type":"ImageObject","inLanguage":"eu","@id":"http:\/\/eunate.org\/eu\/#\/schema\/logo\/image\/","url":"https:\/\/accisor.org\/wp-content\/uploads\/2021\/06\/favicon-accisor.png","contentUrl":"https:\/\/accisor.org\/wp-content\/uploads\/2021\/06\/favicon-accisor.png","width":500,"height":500,"caption":"Accisor"},"image":{"@id":"http:\/\/eunate.org\/eu\/#\/schema\/logo\/image\/"}}]}</script>
<!-- / Yoast SEO plugin. -->

Comarcal De Agricultura Ganadería y Desarrollo Rural - Asociación Eunate Elkartea

Bucle en la oficina Comarcal De Agricultura Ganadería y Desarrollo Rural en Tudela. El bucle es portátil, por lo que se puede trasladar.

Asociación Eunate Elkartea

Asociación de Familias de personas sordas de Navarra
