{"id":1304,"date":"2022-02-07T15:56:04","date_gmt":"2022-02-07T14:56:04","guid":{"rendered":"https:\/\/accisor.org\/?post_type=wpsl_stores&#038;p=1304"},"modified":"2023-01-27T13:33:53","modified_gmt":"2023-01-27T12:33:53","slug":"oficina-comarcal-de-agricultura-ganaderia-y-desarrollo-rural-del-gobierno-de-navarra-2","status":"publish","type":"wpsl_stores","link":"http:\/\/eunate.org\/eu\/bucles\/oficina-comarcal-de-agricultura-ganaderia-y-desarrollo-rural-del-gobierno-de-navarra-2\/","title":{"rendered":"Oficina Comarcal De Agricultura Ganader\u00eda y Desarrollo Rural del Gobierno de Navarra"},"content":{"rendered":"<p>Esta oficina dispone de un bucle port\u00e1til en el punto de informaci\u00f3n, trasladable a cualquier otro punto.<\/p>","protected":false},"excerpt":{"rendered":"<p>Esta oficina dispone de un bucle port\u00e1til en el punto de informaci\u00f3n, trasladable a cualquier otro punto.<\/p>","protected":false},"author":3,"featured_media":0,"template":"","wpsl_store_category":[14,11],"class_list":["post-1304","wpsl_stores","type-wpsl_stores","status-publish","hentry","wpsl_store_category-navarra-nafarroa","wpsl_store_category-tafalla"],"yoast_head":"<!-- This site is optimized with the Yoast SEO plugin v27.5 - https:\/\/yoast.com\/product\/yoast-seo-wordpress\/ -->\n<title>Oficina Comarcal De Agricultura Ganader\u00eda y Desarrollo Rural del Gobierno de Navarra - Asociaci\u00f3n Eunate Elkartea<\/title>\n<meta name=\"robots\" content=\"index, follow, max-snippet:-1, max-image-preview:large, max-video-preview:-1\" \/>\n<link rel=\"canonical\" href=\"http:\/\/eunate.org\/eu\/bucles\/oficina-comarcal-de-agricultura-ganaderia-y-desarrollo-rural-del-gobierno-de-navarra-2\/\" \/>\n<meta property=\"og:locale\" content=\"en_US\" \/>\n<meta property=\"og:type\" content=\"article\" \/>\n<meta property=\"og:title\" content=\"Oficina Comarcal De Agricultura Ganader\u00eda y Desarrollo Rural del Gobierno de Navarra - Asociaci\u00f3n Eunate Elkartea\" \/>\n<meta property=\"og:description\" content=\"Esta oficina dispone de un bucle port\u00e1til en el punto de informaci\u00f3n, trasladable a cualquier otro punto.\" \/>\n<meta property=\"og:url\" content=\"http:\/\/eunate.org\/eu\/bucles\/oficina-comarcal-de-agricultura-ganaderia-y-desarrollo-rural-del-gobierno-de-navarra-2\/\" \/>\n<meta property=\"og:site_name\" content=\"Asociaci\u00f3n Eunate Elkartea\" \/>\n<meta property=\"article:modified_time\" content=\"2023-01-27T12:33:53+00:00\" \/>\n<meta name=\"twitter:card\" content=\"summary_large_image\" \/>\n<script type=\"application\/ld+json\" class=\"yoast-schema-graph\">{\"@context\":\"https:\\\/\\\/schema.org\",\"@graph\":[{\"@type\":\"WebPage\",\"@id\":\"http:\\\/\\\/eunate.org\\\/bucles\\\/oficina-comarcal-de-agricultura-ganaderia-y-desarrollo-rural-del-gobierno-de-navarra-2\\\/\",\"url\":\"http:\\\/\\\/eunate.org\\\/bucles\\\/oficina-comarcal-de-agricultura-ganaderia-y-desarrollo-rural-del-gobierno-de-navarra-2\\\/\",\"name\":\"Oficina Comarcal De Agricultura Ganader\u00eda y Desarrollo Rural del Gobierno de Navarra - Asociaci\u00f3n Eunate Elkartea\",\"isPartOf\":{\"@id\":\"https:\\\/\\\/eunate.org\\\/#website\"},\"datePublished\":\"2022-02-07T14:56:04+00:00\",\"dateModified\":\"2023-01-27T12:33:53+00:00\",\"breadcrumb\":{\"@id\":\"http:\\\/\\\/eunate.org\\\/bucles\\\/oficina-comarcal-de-agricultura-ganaderia-y-desarrollo-rural-del-gobierno-de-navarra-2\\\/#breadcrumb\"},\"inLanguage\":\"eu\",\"potentialAction\":[{\"@type\":\"ReadAction\",\"target\":[\"http:\\\/\\\/eunate.org\\\/bucles\\\/oficina-comarcal-de-agricultura-ganaderia-y-desarrollo-rural-del-gobierno-de-navarra-2\\\/\"]}]},{\"@type\":\"BreadcrumbList\",\"@id\":\"http:\\\/\\\/eunate.org\\\/bucles\\\/oficina-comarcal-de-agricultura-ganaderia-y-desarrollo-rural-del-gobierno-de-navarra-2\\\/#breadcrumb\",\"itemListElement\":[{\"@type\":\"ListItem\",\"position\":1,\"name\":\"Inicio\",\"item\":\"https:\\\/\\\/eunate.org\\\/\"},{\"@type\":\"ListItem\",\"position\":2,\"name\":\"Oficina Comarcal De Agricultura Ganader\u00eda y Desarrollo Rural del Gobierno de Navarra\"}]},{\"@type\":\"WebSite\",\"@id\":\"https:\\\/\\\/eunate.org\\\/#website\",\"url\":\"https:\\\/\\\/eunate.org\\\/\",\"name\":\"Asociaci\u00f3n Eunate Elkartea\",\"description\":\"Asociaci\u00f3n de Familias de personas sordas de Navarra\",\"publisher\":{\"@id\":\"https:\\\/\\\/eunate.org\\\/#organization\"},\"potentialAction\":[{\"@type\":\"SearchAction\",\"target\":{\"@type\":\"EntryPoint\",\"urlTemplate\":\"https:\\\/\\\/eunate.org\\\/?s={search_term_string}\"},\"query-input\":{\"@type\":\"PropertyValueSpecification\",\"valueRequired\":true,\"valueName\":\"search_term_string\"}}],\"inLanguage\":\"eu\"},{\"@type\":\"Organization\",\"@id\":\"https:\\\/\\\/eunate.org\\\/#organization\",\"name\":\"Accisor\",\"url\":\"https:\\\/\\\/eunate.org\\\/\",\"logo\":{\"@type\":\"ImageObject\",\"inLanguage\":\"eu\",\"@id\":\"https:\\\/\\\/eunate.org\\\/#\\\/schema\\\/logo\\\/image\\\/\",\"url\":\"https:\\\/\\\/accisor.org\\\/wp-content\\\/uploads\\\/2021\\\/06\\\/favicon-accisor.png\",\"contentUrl\":\"https:\\\/\\\/accisor.org\\\/wp-content\\\/uploads\\\/2021\\\/06\\\/favicon-accisor.png\",\"width\":500,\"height\":500,\"caption\":\"Accisor\"},\"image\":{\"@id\":\"https:\\\/\\\/eunate.org\\\/#\\\/schema\\\/logo\\\/image\\\/\"}}]}<\/script>\n<!-- \/ Yoast SEO plugin. -->","yoast_head_json":{"title":"Oficina Comarcal De Agricultura Ganader\u00eda y Desarrollo Rural del Gobierno de Navarra - Asociaci\u00f3n Eunate Elkartea","robots":{"index":"index","follow":"follow","max-snippet":"max-snippet:-1","max-image-preview":"max-image-preview:large","max-video-preview":"max-video-preview:-1"},"canonical":"http:\/\/eunate.org\/eu\/bucles\/oficina-comarcal-de-agricultura-ganaderia-y-desarrollo-rural-del-gobierno-de-navarra-2\/","og_locale":"en_US","og_type":"article","og_title":"Oficina Comarcal De Agricultura Ganader\u00eda y Desarrollo Rural del Gobierno de Navarra - Asociaci\u00f3n Eunate Elkartea","og_description":"Esta oficina dispone de un bucle port\u00e1til en el punto de informaci\u00f3n, trasladable a cualquier otro punto.","og_url":"http:\/\/eunate.org\/eu\/bucles\/oficina-comarcal-de-agricultura-ganaderia-y-desarrollo-rural-del-gobierno-de-navarra-2\/","og_site_name":"Asociaci\u00f3n Eunate Elkartea","article_modified_time":"2023-01-27T12:33:53+00:00","twitter_card":"summary_large_image","schema":{"@context":"https:\/\/schema.org","@graph":[{"@type":"WebPage","@id":"http:\/\/eunate.org\/bucles\/oficina-comarcal-de-agricultura-ganaderia-y-desarrollo-rural-del-gobierno-de-navarra-2\/","url":"http:\/\/eunate.org\/bucles\/oficina-comarcal-de-agricultura-ganaderia-y-desarrollo-rural-del-gobierno-de-navarra-2\/","name":"Oficina Comarcal De Agricultura Ganader\u00eda y Desarrollo Rural del Gobierno de Navarra - Asociaci\u00f3n Eunate Elkartea","isPartOf":{"@id":"https:\/\/eunate.org\/#website"},"datePublished":"2022-02-07T14:56:04+00:00","dateModified":"2023-01-27T12:33:53+00:00","breadcrumb":{"@id":"http:\/\/eunate.org\/bucles\/oficina-comarcal-de-agricultura-ganaderia-y-desarrollo-rural-del-gobierno-de-navarra-2\/#breadcrumb"},"inLanguage":"eu","potentialAction":[{"@type":"ReadAction","target":["http:\/\/eunate.org\/bucles\/oficina-comarcal-de-agricultura-ganaderia-y-desarrollo-rural-del-gobierno-de-navarra-2\/"]}]},{"@type":"BreadcrumbList","@id":"http:\/\/eunate.org\/bucles\/oficina-comarcal-de-agricultura-ganaderia-y-desarrollo-rural-del-gobierno-de-navarra-2\/#breadcrumb","itemListElement":[{"@type":"ListItem","position":1,"name":"Inicio","item":"https:\/\/eunate.org\/"},{"@type":"ListItem","position":2,"name":"Oficina Comarcal De Agricultura Ganader\u00eda y Desarrollo Rural del Gobierno de Navarra"}]},{"@type":"WebSite","@id":"https:\/\/eunate.org\/#website","url":"https:\/\/eunate.org\/","name":"Asociaci\u00f3n Eunate Elkartea","description":"Asociaci\u00f3n de Familias de personas sordas de Navarra","publisher":{"@id":"https:\/\/eunate.org\/#organization"},"potentialAction":[{"@type":"SearchAction","target":{"@type":"EntryPoint","urlTemplate":"https:\/\/eunate.org\/?s={search_term_string}"},"query-input":{"@type":"PropertyValueSpecification","valueRequired":true,"valueName":"search_term_string"}}],"inLanguage":"eu"},{"@type":"Organization","@id":"https:\/\/eunate.org\/#organization","name":"Accisor","url":"https:\/\/eunate.org\/","logo":{"@type":"ImageObject","inLanguage":"eu","@id":"https:\/\/eunate.org\/#\/schema\/logo\/image\/","url":"https:\/\/accisor.org\/wp-content\/uploads\/2021\/06\/favicon-accisor.png","contentUrl":"https:\/\/accisor.org\/wp-content\/uploads\/2021\/06\/favicon-accisor.png","width":500,"height":500,"caption":"Accisor"},"image":{"@id":"https:\/\/eunate.org\/#\/schema\/logo\/image\/"}}]}},"_links":{"self":[{"href":"http:\/\/eunate.org\/eu\/wp-json\/wp\/v2\/wpsl_stores\/1304","targetHints":{"allow":["GET"]}}],"collection":[{"href":"http:\/\/eunate.org\/eu\/wp-json\/wp\/v2\/wpsl_stores"}],"about":[{"href":"http:\/\/eunate.org\/eu\/wp-json\/wp\/v2\/types\/wpsl_stores"}],"author":[{"embeddable":true,"href":"http:\/\/eunate.org\/eu\/wp-json\/wp\/v2\/users\/3"}],"version-history":[{"count":0,"href":"http:\/\/eunate.org\/eu\/wp-json\/wp\/v2\/wpsl_stores\/1304\/revisions"}],"wp:attachment":[{"href":"http:\/\/eunate.org\/eu\/wp-json\/wp\/v2\/media?parent=1304"}],"wp:term":[{"taxonomy":"wpsl_store_category","embeddable":true,"href":"http:\/\/eunate.org\/eu\/wp-json\/wp\/v2\/wpsl_store_category?post=1304"}],"curies":[{"name":"wp","href":"https:\/\/api.w.org\/{rel}","templated":true}]}}

Oficina Comarcal De Agricultura Ganadería y Desarrollo Rural del Gobierno de Navarra

<p>Esta oficina dispone de un bucle portátil en el punto de información, trasladable a cualquier otro punto.</p>

<!-- This site is optimized with the Yoast SEO plugin v27.5 - https://yoast.com/product/yoast-seo-wordpress/ -->
<title>Oficina Comarcal De Agricultura Ganadería y Desarrollo Rural del Gobierno de Navarra - Asociación Eunate Elkartea</title>
<meta name="robots" content="index, follow, max-snippet:-1, max-image-preview:large, max-video-preview:-1" />
<link rel="canonical" href="http://eunate.org/eu/bucles/oficina-comarcal-de-agricultura-ganaderia-y-desarrollo-rural-del-gobierno-de-navarra-2/" />
<meta property="og:locale" content="en_US" />
<meta property="og:type" content="article" />
<meta property="og:title" content="Oficina Comarcal De Agricultura Ganadería y Desarrollo Rural del Gobierno de Navarra - Asociación Eunate Elkartea" />
<meta property="og:description" content="Esta oficina dispone de un bucle portátil en el punto de información, trasladable a cualquier otro punto." />
<meta property="og:url" content="http://eunate.org/eu/bucles/oficina-comarcal-de-agricultura-ganaderia-y-desarrollo-rural-del-gobierno-de-navarra-2/" />
<meta property="og:site_name" content="Asociación Eunate Elkartea" />
<meta property="article:modified_time" content="2023-01-27T12:33:53+00:00" />
<meta name="twitter:card" content="summary_large_image" />
<script type="application/ld+json" class="yoast-schema-graph">{"@context":"https:\/\/schema.org","@graph":[{"@type":"WebPage","@id":"http:\/\/eunate.org\/bucles\/oficina-comarcal-de-agricultura-ganaderia-y-desarrollo-rural-del-gobierno-de-navarra-2\/","url":"http:\/\/eunate.org\/bucles\/oficina-comarcal-de-agricultura-ganaderia-y-desarrollo-rural-del-gobierno-de-navarra-2\/","name":"Oficina Comarcal De Agricultura Ganadería y Desarrollo Rural del Gobierno de Navarra - Asociación Eunate Elkartea","isPartOf":{"@id":"https:\/\/eunate.org\/#website"},"datePublished":"2022-02-07T14:56:04+00:00","dateModified":"2023-01-27T12:33:53+00:00","breadcrumb":{"@id":"http:\/\/eunate.org\/bucles\/oficina-comarcal-de-agricultura-ganaderia-y-desarrollo-rural-del-gobierno-de-navarra-2\/#breadcrumb"},"inLanguage":"eu","potentialAction":[{"@type":"ReadAction","target":["http:\/\/eunate.org\/bucles\/oficina-comarcal-de-agricultura-ganaderia-y-desarrollo-rural-del-gobierno-de-navarra-2\/"]}]},{"@type":"BreadcrumbList","@id":"http:\/\/eunate.org\/bucles\/oficina-comarcal-de-agricultura-ganaderia-y-desarrollo-rural-del-gobierno-de-navarra-2\/#breadcrumb","itemListElement":[{"@type":"ListItem","position":1,"name":"Inicio","item":"https:\/\/eunate.org\/"},{"@type":"ListItem","position":2,"name":"Oficina Comarcal De Agricultura Ganadería y Desarrollo Rural del Gobierno de Navarra"}]},{"@type":"WebSite","@id":"https:\/\/eunate.org\/#website","url":"https:\/\/eunate.org\/","name":"Asociación Eunate Elkartea","description":"Asociación de Familias de personas sordas de Navarra","publisher":{"@id":"https:\/\/eunate.org\/#organization"},"potentialAction":[{"@type":"SearchAction","target":{"@type":"EntryPoint","urlTemplate":"https:\/\/eunate.org\/?s={search_term_string}"},"query-input":{"@type":"PropertyValueSpecification","valueRequired":true,"valueName":"search_term_string"}}],"inLanguage":"eu"},{"@type":"Organization","@id":"https:\/\/eunate.org\/#organization","name":"Accisor","url":"https:\/\/eunate.org\/","logo":{"@type":"ImageObject","inLanguage":"eu","@id":"https:\/\/eunate.org\/#\/schema\/logo\/image\/","url":"https:\/\/accisor.org\/wp-content\/uploads\/2021\/06\/favicon-accisor.png","contentUrl":"https:\/\/accisor.org\/wp-content\/uploads\/2021\/06\/favicon-accisor.png","width":500,"height":500,"caption":"Accisor"},"image":{"@id":"https:\/\/eunate.org\/#\/schema\/logo\/image\/"}}]}</script>
<!-- / Yoast SEO plugin. -->

Oficina Comarcal De Agricultura Ganadería y Desarrollo Rural del Gobierno de Navarra - Asociación Eunate Elkartea

Esta oficina dispone de un bucle portátil en el punto de información, trasladable a cualquier otro punto.

Asociación Eunate Elkartea

Asociación de Familias de personas sordas de Navarra
