{"id":1390,"date":"2023-05-09T17:16:44","date_gmt":"2023-05-09T15:16:44","guid":{"rendered":"https:\/\/accisor.org\/?post_type=wpsl_stores&#038;p=1390"},"modified":"2023-05-09T17:17:19","modified_gmt":"2023-05-09T15:17:19","slug":"centro-de-atencion-e-informacion-de-la-seguridad-social-no-06","status":"publish","type":"wpsl_stores","link":"http:\/\/eunate.org\/eu\/bucles\/centro-de-atencion-e-informacion-de-la-seguridad-social-no-06\/","title":{"rendered":"Centro de Atenci\u00f3n e Informaci\u00f3n de la Seguridad Social n\u00ba 06"},"content":{"rendered":"<p>Esta oficina dispone de un bucle magn\u00e9tico para Atenci\u00f3n al P\u00fablico.<\/p>","protected":false},"excerpt":{"rendered":"<p>Esta oficina dispone de un bucle magn\u00e9tico para Atenci\u00f3n al P\u00fablico.<\/p>","protected":false},"author":3,"featured_media":0,"template":"","wpsl_store_category":[12,15],"class_list":["post-1390","wpsl_stores","type-wpsl_stores","status-publish","hentry","wpsl_store_category-la-rioja","wpsl_store_category-najera"],"yoast_head":"<!-- This site is optimized with the Yoast SEO plugin v27.5 - https:\/\/yoast.com\/product\/yoast-seo-wordpress\/ -->\n<title>Centro de Atenci\u00f3n e Informaci\u00f3n de la Seguridad Social n\u00ba 06 - Asociaci\u00f3n Eunate Elkartea<\/title>\n<meta name=\"robots\" content=\"index, follow, max-snippet:-1, max-image-preview:large, max-video-preview:-1\" \/>\n<link rel=\"canonical\" href=\"http:\/\/eunate.org\/eu\/bucles\/centro-de-atencion-e-informacion-de-la-seguridad-social-no-06\/\" \/>\n<meta property=\"og:locale\" content=\"en_US\" \/>\n<meta property=\"og:type\" content=\"article\" \/>\n<meta property=\"og:title\" content=\"Centro de Atenci\u00f3n e Informaci\u00f3n de la Seguridad Social n\u00ba 06 - Asociaci\u00f3n Eunate Elkartea\" \/>\n<meta property=\"og:description\" content=\"Esta oficina dispone de un bucle magn\u00e9tico para Atenci\u00f3n al P\u00fablico.\" \/>\n<meta property=\"og:url\" content=\"http:\/\/eunate.org\/eu\/bucles\/centro-de-atencion-e-informacion-de-la-seguridad-social-no-06\/\" \/>\n<meta property=\"og:site_name\" content=\"Asociaci\u00f3n Eunate Elkartea\" \/>\n<meta property=\"article:modified_time\" content=\"2023-05-09T15:17:19+00:00\" \/>\n<meta name=\"twitter:card\" content=\"summary_large_image\" \/>\n<script type=\"application\/ld+json\" class=\"yoast-schema-graph\">{\"@context\":\"https:\\\/\\\/schema.org\",\"@graph\":[{\"@type\":\"WebPage\",\"@id\":\"http:\\\/\\\/eunate.org\\\/bucles\\\/centro-de-atencion-e-informacion-de-la-seguridad-social-no-06\\\/\",\"url\":\"http:\\\/\\\/eunate.org\\\/bucles\\\/centro-de-atencion-e-informacion-de-la-seguridad-social-no-06\\\/\",\"name\":\"Centro de Atenci\u00f3n e Informaci\u00f3n de la Seguridad Social n\u00ba 06 - Asociaci\u00f3n Eunate Elkartea\",\"isPartOf\":{\"@id\":\"http:\\\/\\\/eunate.org\\\/eu\\\/#website\"},\"datePublished\":\"2023-05-09T15:16:44+00:00\",\"dateModified\":\"2023-05-09T15:17:19+00:00\",\"breadcrumb\":{\"@id\":\"http:\\\/\\\/eunate.org\\\/bucles\\\/centro-de-atencion-e-informacion-de-la-seguridad-social-no-06\\\/#breadcrumb\"},\"inLanguage\":\"eu\",\"potentialAction\":[{\"@type\":\"ReadAction\",\"target\":[\"http:\\\/\\\/eunate.org\\\/bucles\\\/centro-de-atencion-e-informacion-de-la-seguridad-social-no-06\\\/\"]}]},{\"@type\":\"BreadcrumbList\",\"@id\":\"http:\\\/\\\/eunate.org\\\/bucles\\\/centro-de-atencion-e-informacion-de-la-seguridad-social-no-06\\\/#breadcrumb\",\"itemListElement\":[{\"@type\":\"ListItem\",\"position\":1,\"name\":\"Inicio\",\"item\":\"http:\\\/\\\/eunate.org\\\/eu\\\/\"},{\"@type\":\"ListItem\",\"position\":2,\"name\":\"Centro de Atenci\u00f3n e Informaci\u00f3n de la Seguridad Social n\u00ba 06\"}]},{\"@type\":\"WebSite\",\"@id\":\"http:\\\/\\\/eunate.org\\\/eu\\\/#website\",\"url\":\"http:\\\/\\\/eunate.org\\\/eu\\\/\",\"name\":\"Asociaci\u00f3n Eunate Elkartea\",\"description\":\"Asociaci\u00f3n de Familias de personas sordas de Navarra\",\"publisher\":{\"@id\":\"http:\\\/\\\/eunate.org\\\/eu\\\/#organization\"},\"potentialAction\":[{\"@type\":\"SearchAction\",\"target\":{\"@type\":\"EntryPoint\",\"urlTemplate\":\"http:\\\/\\\/eunate.org\\\/eu\\\/?s={search_term_string}\"},\"query-input\":{\"@type\":\"PropertyValueSpecification\",\"valueRequired\":true,\"valueName\":\"search_term_string\"}}],\"inLanguage\":\"eu\"},{\"@type\":\"Organization\",\"@id\":\"http:\\\/\\\/eunate.org\\\/eu\\\/#organization\",\"name\":\"Accisor\",\"url\":\"http:\\\/\\\/eunate.org\\\/eu\\\/\",\"logo\":{\"@type\":\"ImageObject\",\"inLanguage\":\"eu\",\"@id\":\"http:\\\/\\\/eunate.org\\\/eu\\\/#\\\/schema\\\/logo\\\/image\\\/\",\"url\":\"https:\\\/\\\/accisor.org\\\/wp-content\\\/uploads\\\/2021\\\/06\\\/favicon-accisor.png\",\"contentUrl\":\"https:\\\/\\\/accisor.org\\\/wp-content\\\/uploads\\\/2021\\\/06\\\/favicon-accisor.png\",\"width\":500,\"height\":500,\"caption\":\"Accisor\"},\"image\":{\"@id\":\"http:\\\/\\\/eunate.org\\\/eu\\\/#\\\/schema\\\/logo\\\/image\\\/\"}}]}<\/script>\n<!-- \/ Yoast SEO plugin. -->","yoast_head_json":{"title":"Centro de Atenci\u00f3n e Informaci\u00f3n de la Seguridad Social n\u00ba 06 - Asociaci\u00f3n Eunate Elkartea","robots":{"index":"index","follow":"follow","max-snippet":"max-snippet:-1","max-image-preview":"max-image-preview:large","max-video-preview":"max-video-preview:-1"},"canonical":"http:\/\/eunate.org\/eu\/bucles\/centro-de-atencion-e-informacion-de-la-seguridad-social-no-06\/","og_locale":"en_US","og_type":"article","og_title":"Centro de Atenci\u00f3n e Informaci\u00f3n de la Seguridad Social n\u00ba 06 - Asociaci\u00f3n Eunate Elkartea","og_description":"Esta oficina dispone de un bucle magn\u00e9tico para Atenci\u00f3n al P\u00fablico.","og_url":"http:\/\/eunate.org\/eu\/bucles\/centro-de-atencion-e-informacion-de-la-seguridad-social-no-06\/","og_site_name":"Asociaci\u00f3n Eunate Elkartea","article_modified_time":"2023-05-09T15:17:19+00:00","twitter_card":"summary_large_image","schema":{"@context":"https:\/\/schema.org","@graph":[{"@type":"WebPage","@id":"http:\/\/eunate.org\/bucles\/centro-de-atencion-e-informacion-de-la-seguridad-social-no-06\/","url":"http:\/\/eunate.org\/bucles\/centro-de-atencion-e-informacion-de-la-seguridad-social-no-06\/","name":"Centro de Atenci\u00f3n e Informaci\u00f3n de la Seguridad Social n\u00ba 06 - Asociaci\u00f3n Eunate Elkartea","isPartOf":{"@id":"http:\/\/eunate.org\/eu\/#website"},"datePublished":"2023-05-09T15:16:44+00:00","dateModified":"2023-05-09T15:17:19+00:00","breadcrumb":{"@id":"http:\/\/eunate.org\/bucles\/centro-de-atencion-e-informacion-de-la-seguridad-social-no-06\/#breadcrumb"},"inLanguage":"eu","potentialAction":[{"@type":"ReadAction","target":["http:\/\/eunate.org\/bucles\/centro-de-atencion-e-informacion-de-la-seguridad-social-no-06\/"]}]},{"@type":"BreadcrumbList","@id":"http:\/\/eunate.org\/bucles\/centro-de-atencion-e-informacion-de-la-seguridad-social-no-06\/#breadcrumb","itemListElement":[{"@type":"ListItem","position":1,"name":"Inicio","item":"http:\/\/eunate.org\/eu\/"},{"@type":"ListItem","position":2,"name":"Centro de Atenci\u00f3n e Informaci\u00f3n de la Seguridad Social n\u00ba 06"}]},{"@type":"WebSite","@id":"http:\/\/eunate.org\/eu\/#website","url":"http:\/\/eunate.org\/eu\/","name":"Asociaci\u00f3n Eunate Elkartea","description":"Asociaci\u00f3n de Familias de personas sordas de Navarra","publisher":{"@id":"http:\/\/eunate.org\/eu\/#organization"},"potentialAction":[{"@type":"SearchAction","target":{"@type":"EntryPoint","urlTemplate":"http:\/\/eunate.org\/eu\/?s={search_term_string}"},"query-input":{"@type":"PropertyValueSpecification","valueRequired":true,"valueName":"search_term_string"}}],"inLanguage":"eu"},{"@type":"Organization","@id":"http:\/\/eunate.org\/eu\/#organization","name":"Accisor","url":"http:\/\/eunate.org\/eu\/","logo":{"@type":"ImageObject","inLanguage":"eu","@id":"http:\/\/eunate.org\/eu\/#\/schema\/logo\/image\/","url":"https:\/\/accisor.org\/wp-content\/uploads\/2021\/06\/favicon-accisor.png","contentUrl":"https:\/\/accisor.org\/wp-content\/uploads\/2021\/06\/favicon-accisor.png","width":500,"height":500,"caption":"Accisor"},"image":{"@id":"http:\/\/eunate.org\/eu\/#\/schema\/logo\/image\/"}}]}},"_links":{"self":[{"href":"http:\/\/eunate.org\/eu\/wp-json\/wp\/v2\/wpsl_stores\/1390","targetHints":{"allow":["GET"]}}],"collection":[{"href":"http:\/\/eunate.org\/eu\/wp-json\/wp\/v2\/wpsl_stores"}],"about":[{"href":"http:\/\/eunate.org\/eu\/wp-json\/wp\/v2\/types\/wpsl_stores"}],"author":[{"embeddable":true,"href":"http:\/\/eunate.org\/eu\/wp-json\/wp\/v2\/users\/3"}],"version-history":[{"count":0,"href":"http:\/\/eunate.org\/eu\/wp-json\/wp\/v2\/wpsl_stores\/1390\/revisions"}],"wp:attachment":[{"href":"http:\/\/eunate.org\/eu\/wp-json\/wp\/v2\/media?parent=1390"}],"wp:term":[{"taxonomy":"wpsl_store_category","embeddable":true,"href":"http:\/\/eunate.org\/eu\/wp-json\/wp\/v2\/wpsl_store_category?post=1390"}],"curies":[{"name":"wp","href":"https:\/\/api.w.org\/{rel}","templated":true}]}}

Centro de Atención e Información de la Seguridad Social nº 06

<p>Esta oficina dispone de un bucle magnético para Atención al Público.</p>

<!-- This site is optimized with the Yoast SEO plugin v27.5 - https://yoast.com/product/yoast-seo-wordpress/ -->
<title>Centro de Atención e Información de la Seguridad Social nº 06 - Asociación Eunate Elkartea</title>
<meta name="robots" content="index, follow, max-snippet:-1, max-image-preview:large, max-video-preview:-1" />
<link rel="canonical" href="http://eunate.org/eu/bucles/centro-de-atencion-e-informacion-de-la-seguridad-social-no-06/" />
<meta property="og:locale" content="en_US" />
<meta property="og:type" content="article" />
<meta property="og:title" content="Centro de Atención e Información de la Seguridad Social nº 06 - Asociación Eunate Elkartea" />
<meta property="og:description" content="Esta oficina dispone de un bucle magnético para Atención al Público." />
<meta property="og:url" content="http://eunate.org/eu/bucles/centro-de-atencion-e-informacion-de-la-seguridad-social-no-06/" />
<meta property="og:site_name" content="Asociación Eunate Elkartea" />
<meta property="article:modified_time" content="2023-05-09T15:17:19+00:00" />
<meta name="twitter:card" content="summary_large_image" />
<script type="application/ld+json" class="yoast-schema-graph">{"@context":"https:\/\/schema.org","@graph":[{"@type":"WebPage","@id":"http:\/\/eunate.org\/bucles\/centro-de-atencion-e-informacion-de-la-seguridad-social-no-06\/","url":"http:\/\/eunate.org\/bucles\/centro-de-atencion-e-informacion-de-la-seguridad-social-no-06\/","name":"Centro de Atención e Información de la Seguridad Social nº 06 - Asociación Eunate Elkartea","isPartOf":{"@id":"http:\/\/eunate.org\/eu\/#website"},"datePublished":"2023-05-09T15:16:44+00:00","dateModified":"2023-05-09T15:17:19+00:00","breadcrumb":{"@id":"http:\/\/eunate.org\/bucles\/centro-de-atencion-e-informacion-de-la-seguridad-social-no-06\/#breadcrumb"},"inLanguage":"eu","potentialAction":[{"@type":"ReadAction","target":["http:\/\/eunate.org\/bucles\/centro-de-atencion-e-informacion-de-la-seguridad-social-no-06\/"]}]},{"@type":"BreadcrumbList","@id":"http:\/\/eunate.org\/bucles\/centro-de-atencion-e-informacion-de-la-seguridad-social-no-06\/#breadcrumb","itemListElement":[{"@type":"ListItem","position":1,"name":"Inicio","item":"http:\/\/eunate.org\/eu\/"},{"@type":"ListItem","position":2,"name":"Centro de Atención e Información de la Seguridad Social nº 06"}]},{"@type":"WebSite","@id":"http:\/\/eunate.org\/eu\/#website","url":"http:\/\/eunate.org\/eu\/","name":"Asociación Eunate Elkartea","description":"Asociación de Familias de personas sordas de Navarra","publisher":{"@id":"http:\/\/eunate.org\/eu\/#organization"},"potentialAction":[{"@type":"SearchAction","target":{"@type":"EntryPoint","urlTemplate":"http:\/\/eunate.org\/eu\/?s={search_term_string}"},"query-input":{"@type":"PropertyValueSpecification","valueRequired":true,"valueName":"search_term_string"}}],"inLanguage":"eu"},{"@type":"Organization","@id":"http:\/\/eunate.org\/eu\/#organization","name":"Accisor","url":"http:\/\/eunate.org\/eu\/","logo":{"@type":"ImageObject","inLanguage":"eu","@id":"http:\/\/eunate.org\/eu\/#\/schema\/logo\/image\/","url":"https:\/\/accisor.org\/wp-content\/uploads\/2021\/06\/favicon-accisor.png","contentUrl":"https:\/\/accisor.org\/wp-content\/uploads\/2021\/06\/favicon-accisor.png","width":500,"height":500,"caption":"Accisor"},"image":{"@id":"http:\/\/eunate.org\/eu\/#\/schema\/logo\/image\/"}}]}</script>
<!-- / Yoast SEO plugin. -->

Centro de Atención e Información de la Seguridad Social nº 06 - Asociación Eunate Elkartea

Esta oficina dispone de un bucle magnético para Atención al Público.

Asociación Eunate Elkartea

Asociación de Familias de personas sordas de Navarra
