{"id":1419,"date":"2023-05-10T15:39:32","date_gmt":"2023-05-10T13:39:32","guid":{"rendered":"https:\/\/accisor.org\/?post_type=wpsl_stores&#038;p=1419"},"modified":"2024-01-05T13:05:26","modified_gmt":"2024-01-05T12:05:26","slug":"oficina-de-turismo-de-tudela","status":"publish","type":"wpsl_stores","link":"http:\/\/eunate.org\/eu\/bucles\/oficina-de-turismo-de-tudela\/","title":{"rendered":"Oficina de turismo de Tudela"},"content":{"rendered":"<p>Esta oficina dispone de bucle magn\u00e9tico en Atenci\u00f3n al P\u00fablico.<\/p>","protected":false},"excerpt":{"rendered":"<p>Esta oficina dispone de bucle magn\u00e9tico en Atenci\u00f3n al P\u00fablico.<\/p>","protected":false},"author":3,"featured_media":0,"template":"","wpsl_store_category":[14,8],"class_list":["post-1419","wpsl_stores","type-wpsl_stores","status-publish","hentry","wpsl_store_category-navarra-nafarroa","wpsl_store_category-tudela"],"yoast_head":"<!-- This site is optimized with the Yoast SEO plugin v27.5 - https:\/\/yoast.com\/product\/yoast-seo-wordpress\/ -->\n<title>Oficina de turismo de Tudela - Asociaci\u00f3n Eunate Elkartea<\/title>\n<meta name=\"robots\" content=\"index, follow, max-snippet:-1, max-image-preview:large, max-video-preview:-1\" \/>\n<link rel=\"canonical\" href=\"https:\/\/eunate.org\/eu\/bucles\/oficina-de-turismo-de-tudela\/\" \/>\n<meta property=\"og:locale\" content=\"en_US\" \/>\n<meta property=\"og:type\" content=\"article\" \/>\n<meta property=\"og:title\" content=\"Oficina de turismo de Tudela - Asociaci\u00f3n Eunate Elkartea\" \/>\n<meta property=\"og:description\" content=\"Esta oficina dispone de bucle magn\u00e9tico en Atenci\u00f3n al P\u00fablico.\" \/>\n<meta property=\"og:url\" content=\"https:\/\/eunate.org\/eu\/bucles\/oficina-de-turismo-de-tudela\/\" \/>\n<meta property=\"og:site_name\" content=\"Asociaci\u00f3n Eunate Elkartea\" \/>\n<meta property=\"article:modified_time\" content=\"2024-01-05T12:05:26+00:00\" \/>\n<meta name=\"twitter:card\" content=\"summary_large_image\" \/>\n<script type=\"application\/ld+json\" class=\"yoast-schema-graph\">{\"@context\":\"https:\\\/\\\/schema.org\",\"@graph\":[{\"@type\":\"WebPage\",\"@id\":\"https:\\\/\\\/eunate.org\\\/bucles\\\/oficina-de-turismo-de-tudela\\\/\",\"url\":\"https:\\\/\\\/eunate.org\\\/bucles\\\/oficina-de-turismo-de-tudela\\\/\",\"name\":\"Oficina de turismo de Tudela - Asociaci\u00f3n Eunate Elkartea\",\"isPartOf\":{\"@id\":\"http:\\\/\\\/eunate.org\\\/eu\\\/#website\"},\"datePublished\":\"2023-05-10T13:39:32+00:00\",\"dateModified\":\"2024-01-05T12:05:26+00:00\",\"breadcrumb\":{\"@id\":\"https:\\\/\\\/eunate.org\\\/bucles\\\/oficina-de-turismo-de-tudela\\\/#breadcrumb\"},\"inLanguage\":\"eu\",\"potentialAction\":[{\"@type\":\"ReadAction\",\"target\":[\"https:\\\/\\\/eunate.org\\\/bucles\\\/oficina-de-turismo-de-tudela\\\/\"]}]},{\"@type\":\"BreadcrumbList\",\"@id\":\"https:\\\/\\\/eunate.org\\\/bucles\\\/oficina-de-turismo-de-tudela\\\/#breadcrumb\",\"itemListElement\":[{\"@type\":\"ListItem\",\"position\":1,\"name\":\"Inicio\",\"item\":\"http:\\\/\\\/eunate.org\\\/eu\\\/\"},{\"@type\":\"ListItem\",\"position\":2,\"name\":\"Oficina de turismo de Tudela\"}]},{\"@type\":\"WebSite\",\"@id\":\"http:\\\/\\\/eunate.org\\\/eu\\\/#website\",\"url\":\"http:\\\/\\\/eunate.org\\\/eu\\\/\",\"name\":\"Asociaci\u00f3n Eunate Elkartea\",\"description\":\"Asociaci\u00f3n de Familias de personas sordas de Navarra\",\"publisher\":{\"@id\":\"http:\\\/\\\/eunate.org\\\/eu\\\/#organization\"},\"potentialAction\":[{\"@type\":\"SearchAction\",\"target\":{\"@type\":\"EntryPoint\",\"urlTemplate\":\"http:\\\/\\\/eunate.org\\\/eu\\\/?s={search_term_string}\"},\"query-input\":{\"@type\":\"PropertyValueSpecification\",\"valueRequired\":true,\"valueName\":\"search_term_string\"}}],\"inLanguage\":\"eu\"},{\"@type\":\"Organization\",\"@id\":\"http:\\\/\\\/eunate.org\\\/eu\\\/#organization\",\"name\":\"Accisor\",\"url\":\"http:\\\/\\\/eunate.org\\\/eu\\\/\",\"logo\":{\"@type\":\"ImageObject\",\"inLanguage\":\"eu\",\"@id\":\"http:\\\/\\\/eunate.org\\\/eu\\\/#\\\/schema\\\/logo\\\/image\\\/\",\"url\":\"https:\\\/\\\/accisor.org\\\/wp-content\\\/uploads\\\/2021\\\/06\\\/favicon-accisor.png\",\"contentUrl\":\"https:\\\/\\\/accisor.org\\\/wp-content\\\/uploads\\\/2021\\\/06\\\/favicon-accisor.png\",\"width\":500,\"height\":500,\"caption\":\"Accisor\"},\"image\":{\"@id\":\"http:\\\/\\\/eunate.org\\\/eu\\\/#\\\/schema\\\/logo\\\/image\\\/\"}}]}<\/script>\n<!-- \/ Yoast SEO plugin. -->","yoast_head_json":{"title":"Oficina de turismo de Tudela - Asociaci\u00f3n Eunate Elkartea","robots":{"index":"index","follow":"follow","max-snippet":"max-snippet:-1","max-image-preview":"max-image-preview:large","max-video-preview":"max-video-preview:-1"},"canonical":"https:\/\/eunate.org\/eu\/bucles\/oficina-de-turismo-de-tudela\/","og_locale":"en_US","og_type":"article","og_title":"Oficina de turismo de Tudela - Asociaci\u00f3n Eunate Elkartea","og_description":"Esta oficina dispone de bucle magn\u00e9tico en Atenci\u00f3n al P\u00fablico.","og_url":"https:\/\/eunate.org\/eu\/bucles\/oficina-de-turismo-de-tudela\/","og_site_name":"Asociaci\u00f3n Eunate Elkartea","article_modified_time":"2024-01-05T12:05:26+00:00","twitter_card":"summary_large_image","schema":{"@context":"https:\/\/schema.org","@graph":[{"@type":"WebPage","@id":"https:\/\/eunate.org\/bucles\/oficina-de-turismo-de-tudela\/","url":"https:\/\/eunate.org\/bucles\/oficina-de-turismo-de-tudela\/","name":"Oficina de turismo de Tudela - Asociaci\u00f3n Eunate Elkartea","isPartOf":{"@id":"http:\/\/eunate.org\/eu\/#website"},"datePublished":"2023-05-10T13:39:32+00:00","dateModified":"2024-01-05T12:05:26+00:00","breadcrumb":{"@id":"https:\/\/eunate.org\/bucles\/oficina-de-turismo-de-tudela\/#breadcrumb"},"inLanguage":"eu","potentialAction":[{"@type":"ReadAction","target":["https:\/\/eunate.org\/bucles\/oficina-de-turismo-de-tudela\/"]}]},{"@type":"BreadcrumbList","@id":"https:\/\/eunate.org\/bucles\/oficina-de-turismo-de-tudela\/#breadcrumb","itemListElement":[{"@type":"ListItem","position":1,"name":"Inicio","item":"http:\/\/eunate.org\/eu\/"},{"@type":"ListItem","position":2,"name":"Oficina de turismo de Tudela"}]},{"@type":"WebSite","@id":"http:\/\/eunate.org\/eu\/#website","url":"http:\/\/eunate.org\/eu\/","name":"Asociaci\u00f3n Eunate Elkartea","description":"Asociaci\u00f3n de Familias de personas sordas de Navarra","publisher":{"@id":"http:\/\/eunate.org\/eu\/#organization"},"potentialAction":[{"@type":"SearchAction","target":{"@type":"EntryPoint","urlTemplate":"http:\/\/eunate.org\/eu\/?s={search_term_string}"},"query-input":{"@type":"PropertyValueSpecification","valueRequired":true,"valueName":"search_term_string"}}],"inLanguage":"eu"},{"@type":"Organization","@id":"http:\/\/eunate.org\/eu\/#organization","name":"Accisor","url":"http:\/\/eunate.org\/eu\/","logo":{"@type":"ImageObject","inLanguage":"eu","@id":"http:\/\/eunate.org\/eu\/#\/schema\/logo\/image\/","url":"https:\/\/accisor.org\/wp-content\/uploads\/2021\/06\/favicon-accisor.png","contentUrl":"https:\/\/accisor.org\/wp-content\/uploads\/2021\/06\/favicon-accisor.png","width":500,"height":500,"caption":"Accisor"},"image":{"@id":"http:\/\/eunate.org\/eu\/#\/schema\/logo\/image\/"}}]}},"_links":{"self":[{"href":"http:\/\/eunate.org\/eu\/wp-json\/wp\/v2\/wpsl_stores\/1419","targetHints":{"allow":["GET"]}}],"collection":[{"href":"http:\/\/eunate.org\/eu\/wp-json\/wp\/v2\/wpsl_stores"}],"about":[{"href":"http:\/\/eunate.org\/eu\/wp-json\/wp\/v2\/types\/wpsl_stores"}],"author":[{"embeddable":true,"href":"http:\/\/eunate.org\/eu\/wp-json\/wp\/v2\/users\/3"}],"version-history":[{"count":0,"href":"http:\/\/eunate.org\/eu\/wp-json\/wp\/v2\/wpsl_stores\/1419\/revisions"}],"wp:attachment":[{"href":"http:\/\/eunate.org\/eu\/wp-json\/wp\/v2\/media?parent=1419"}],"wp:term":[{"taxonomy":"wpsl_store_category","embeddable":true,"href":"http:\/\/eunate.org\/eu\/wp-json\/wp\/v2\/wpsl_store_category?post=1419"}],"curies":[{"name":"wp","href":"https:\/\/api.w.org\/{rel}","templated":true}]}}

<p>Esta oficina dispone de bucle magnético en Atención al Público.</p>

<!-- This site is optimized with the Yoast SEO plugin v27.5 - https://yoast.com/product/yoast-seo-wordpress/ -->
<title>Oficina de turismo de Tudela - Asociación Eunate Elkartea</title>
<meta name="robots" content="index, follow, max-snippet:-1, max-image-preview:large, max-video-preview:-1" />
<link rel="canonical" href="https://eunate.org/eu/bucles/oficina-de-turismo-de-tudela/" />
<meta property="og:locale" content="en_US" />
<meta property="og:type" content="article" />
<meta property="og:title" content="Oficina de turismo de Tudela - Asociación Eunate Elkartea" />
<meta property="og:description" content="Esta oficina dispone de bucle magnético en Atención al Público." />
<meta property="og:url" content="https://eunate.org/eu/bucles/oficina-de-turismo-de-tudela/" />
<meta property="og:site_name" content="Asociación Eunate Elkartea" />
<meta property="article:modified_time" content="2024-01-05T12:05:26+00:00" />
<meta name="twitter:card" content="summary_large_image" />
<script type="application/ld+json" class="yoast-schema-graph">{"@context":"https:\/\/schema.org","@graph":[{"@type":"WebPage","@id":"https:\/\/eunate.org\/bucles\/oficina-de-turismo-de-tudela\/","url":"https:\/\/eunate.org\/bucles\/oficina-de-turismo-de-tudela\/","name":"Oficina de turismo de Tudela - Asociación Eunate Elkartea","isPartOf":{"@id":"http:\/\/eunate.org\/eu\/#website"},"datePublished":"2023-05-10T13:39:32+00:00","dateModified":"2024-01-05T12:05:26+00:00","breadcrumb":{"@id":"https:\/\/eunate.org\/bucles\/oficina-de-turismo-de-tudela\/#breadcrumb"},"inLanguage":"eu","potentialAction":[{"@type":"ReadAction","target":["https:\/\/eunate.org\/bucles\/oficina-de-turismo-de-tudela\/"]}]},{"@type":"BreadcrumbList","@id":"https:\/\/eunate.org\/bucles\/oficina-de-turismo-de-tudela\/#breadcrumb","itemListElement":[{"@type":"ListItem","position":1,"name":"Inicio","item":"http:\/\/eunate.org\/eu\/"},{"@type":"ListItem","position":2,"name":"Oficina de turismo de Tudela"}]},{"@type":"WebSite","@id":"http:\/\/eunate.org\/eu\/#website","url":"http:\/\/eunate.org\/eu\/","name":"Asociación Eunate Elkartea","description":"Asociación de Familias de personas sordas de Navarra","publisher":{"@id":"http:\/\/eunate.org\/eu\/#organization"},"potentialAction":[{"@type":"SearchAction","target":{"@type":"EntryPoint","urlTemplate":"http:\/\/eunate.org\/eu\/?s={search_term_string}"},"query-input":{"@type":"PropertyValueSpecification","valueRequired":true,"valueName":"search_term_string"}}],"inLanguage":"eu"},{"@type":"Organization","@id":"http:\/\/eunate.org\/eu\/#organization","name":"Accisor","url":"http:\/\/eunate.org\/eu\/","logo":{"@type":"ImageObject","inLanguage":"eu","@id":"http:\/\/eunate.org\/eu\/#\/schema\/logo\/image\/","url":"https:\/\/accisor.org\/wp-content\/uploads\/2021\/06\/favicon-accisor.png","contentUrl":"https:\/\/accisor.org\/wp-content\/uploads\/2021\/06\/favicon-accisor.png","width":500,"height":500,"caption":"Accisor"},"image":{"@id":"http:\/\/eunate.org\/eu\/#\/schema\/logo\/image\/"}}]}</script>
<!-- / Yoast SEO plugin. -->

Oficina de turismo de Tudela - Asociación Eunate Elkartea

Esta oficina dispone de bucle magnético en Atención al Público.

Asociación Eunate Elkartea

Asociación de Familias de personas sordas de Navarra
