{"id":481,"date":"2021-06-09T13:50:55","date_gmt":"2021-06-09T11:50:55","guid":{"rendered":"https:\/\/accisor.org\/?post_type=wpsl_stores&#038;p=481"},"modified":"2021-09-06T12:54:24","modified_gmt":"2021-09-06T10:54:24","slug":"jefatura-superior-de-policia-logrono","status":"publish","type":"wpsl_stores","link":"http:\/\/eunate.org\/eu\/bucles\/jefatura-superior-de-policia-logrono\/","title":{"rendered":"Jefatura Superior de Polic\u00eda-Logro\u00f1o"},"content":{"rendered":"<p>Dispone de bucle magn\u00e9tico en dos puestos de atenci\u00f3n.<\/p>","protected":false},"excerpt":{"rendered":"<p>Dispone de bucle magn\u00e9tico en dos puestos de atenci\u00f3n.<\/p>","protected":false},"author":1,"featured_media":0,"template":"","wpsl_store_category":[12,13],"class_list":["post-481","wpsl_stores","type-wpsl_stores","status-publish","hentry","wpsl_store_category-la-rioja","wpsl_store_category-logrono"],"yoast_head":"<!-- This site is optimized with the Yoast SEO plugin v27.5 - https:\/\/yoast.com\/product\/yoast-seo-wordpress\/ -->\n<title>Jefatura Superior de Polic\u00eda-Logro\u00f1o - Asociaci\u00f3n Eunate Elkartea<\/title>\n<meta name=\"robots\" content=\"index, follow, max-snippet:-1, max-image-preview:large, max-video-preview:-1\" \/>\n<link rel=\"canonical\" href=\"http:\/\/eunate.org\/eu\/bucles\/jefatura-superior-de-policia-logrono\/\" \/>\n<meta property=\"og:locale\" content=\"en_US\" \/>\n<meta property=\"og:type\" content=\"article\" \/>\n<meta property=\"og:title\" content=\"Jefatura Superior de Polic\u00eda-Logro\u00f1o - Asociaci\u00f3n Eunate Elkartea\" \/>\n<meta property=\"og:description\" content=\"Dispone de bucle magn\u00e9tico en dos puestos de atenci\u00f3n.\" \/>\n<meta property=\"og:url\" content=\"http:\/\/eunate.org\/eu\/bucles\/jefatura-superior-de-policia-logrono\/\" \/>\n<meta property=\"og:site_name\" content=\"Asociaci\u00f3n Eunate Elkartea\" \/>\n<meta property=\"article:modified_time\" content=\"2021-09-06T10:54:24+00:00\" \/>\n<meta name=\"twitter:card\" content=\"summary_large_image\" \/>\n<script type=\"application\/ld+json\" class=\"yoast-schema-graph\">{\"@context\":\"https:\\\/\\\/schema.org\",\"@graph\":[{\"@type\":\"WebPage\",\"@id\":\"http:\\\/\\\/eunate.org\\\/bucles\\\/jefatura-superior-de-policia-logrono\\\/\",\"url\":\"http:\\\/\\\/eunate.org\\\/bucles\\\/jefatura-superior-de-policia-logrono\\\/\",\"name\":\"Jefatura Superior de Polic\u00eda-Logro\u00f1o - Asociaci\u00f3n Eunate Elkartea\",\"isPartOf\":{\"@id\":\"http:\\\/\\\/eunate.org\\\/eu\\\/#website\"},\"datePublished\":\"2021-06-09T11:50:55+00:00\",\"dateModified\":\"2021-09-06T10:54:24+00:00\",\"breadcrumb\":{\"@id\":\"http:\\\/\\\/eunate.org\\\/bucles\\\/jefatura-superior-de-policia-logrono\\\/#breadcrumb\"},\"inLanguage\":\"eu\",\"potentialAction\":[{\"@type\":\"ReadAction\",\"target\":[\"http:\\\/\\\/eunate.org\\\/bucles\\\/jefatura-superior-de-policia-logrono\\\/\"]}]},{\"@type\":\"BreadcrumbList\",\"@id\":\"http:\\\/\\\/eunate.org\\\/bucles\\\/jefatura-superior-de-policia-logrono\\\/#breadcrumb\",\"itemListElement\":[{\"@type\":\"ListItem\",\"position\":1,\"name\":\"Inicio\",\"item\":\"http:\\\/\\\/eunate.org\\\/eu\\\/\"},{\"@type\":\"ListItem\",\"position\":2,\"name\":\"Jefatura Superior de Polic\u00eda-Logro\u00f1o\"}]},{\"@type\":\"WebSite\",\"@id\":\"http:\\\/\\\/eunate.org\\\/eu\\\/#website\",\"url\":\"http:\\\/\\\/eunate.org\\\/eu\\\/\",\"name\":\"Asociaci\u00f3n Eunate Elkartea\",\"description\":\"Asociaci\u00f3n de Familias de personas sordas de Navarra\",\"publisher\":{\"@id\":\"http:\\\/\\\/eunate.org\\\/eu\\\/#organization\"},\"potentialAction\":[{\"@type\":\"SearchAction\",\"target\":{\"@type\":\"EntryPoint\",\"urlTemplate\":\"http:\\\/\\\/eunate.org\\\/eu\\\/?s={search_term_string}\"},\"query-input\":{\"@type\":\"PropertyValueSpecification\",\"valueRequired\":true,\"valueName\":\"search_term_string\"}}],\"inLanguage\":\"eu\"},{\"@type\":\"Organization\",\"@id\":\"http:\\\/\\\/eunate.org\\\/eu\\\/#organization\",\"name\":\"Accisor\",\"url\":\"http:\\\/\\\/eunate.org\\\/eu\\\/\",\"logo\":{\"@type\":\"ImageObject\",\"inLanguage\":\"eu\",\"@id\":\"http:\\\/\\\/eunate.org\\\/eu\\\/#\\\/schema\\\/logo\\\/image\\\/\",\"url\":\"https:\\\/\\\/accisor.org\\\/wp-content\\\/uploads\\\/2021\\\/06\\\/favicon-accisor.png\",\"contentUrl\":\"https:\\\/\\\/accisor.org\\\/wp-content\\\/uploads\\\/2021\\\/06\\\/favicon-accisor.png\",\"width\":500,\"height\":500,\"caption\":\"Accisor\"},\"image\":{\"@id\":\"http:\\\/\\\/eunate.org\\\/eu\\\/#\\\/schema\\\/logo\\\/image\\\/\"}}]}<\/script>\n<!-- \/ Yoast SEO plugin. -->","yoast_head_json":{"title":"Jefatura Superior de Polic\u00eda-Logro\u00f1o - Asociaci\u00f3n Eunate Elkartea","robots":{"index":"index","follow":"follow","max-snippet":"max-snippet:-1","max-image-preview":"max-image-preview:large","max-video-preview":"max-video-preview:-1"},"canonical":"http:\/\/eunate.org\/eu\/bucles\/jefatura-superior-de-policia-logrono\/","og_locale":"en_US","og_type":"article","og_title":"Jefatura Superior de Polic\u00eda-Logro\u00f1o - Asociaci\u00f3n Eunate Elkartea","og_description":"Dispone de bucle magn\u00e9tico en dos puestos de atenci\u00f3n.","og_url":"http:\/\/eunate.org\/eu\/bucles\/jefatura-superior-de-policia-logrono\/","og_site_name":"Asociaci\u00f3n Eunate Elkartea","article_modified_time":"2021-09-06T10:54:24+00:00","twitter_card":"summary_large_image","schema":{"@context":"https:\/\/schema.org","@graph":[{"@type":"WebPage","@id":"http:\/\/eunate.org\/bucles\/jefatura-superior-de-policia-logrono\/","url":"http:\/\/eunate.org\/bucles\/jefatura-superior-de-policia-logrono\/","name":"Jefatura Superior de Polic\u00eda-Logro\u00f1o - Asociaci\u00f3n Eunate Elkartea","isPartOf":{"@id":"http:\/\/eunate.org\/eu\/#website"},"datePublished":"2021-06-09T11:50:55+00:00","dateModified":"2021-09-06T10:54:24+00:00","breadcrumb":{"@id":"http:\/\/eunate.org\/bucles\/jefatura-superior-de-policia-logrono\/#breadcrumb"},"inLanguage":"eu","potentialAction":[{"@type":"ReadAction","target":["http:\/\/eunate.org\/bucles\/jefatura-superior-de-policia-logrono\/"]}]},{"@type":"BreadcrumbList","@id":"http:\/\/eunate.org\/bucles\/jefatura-superior-de-policia-logrono\/#breadcrumb","itemListElement":[{"@type":"ListItem","position":1,"name":"Inicio","item":"http:\/\/eunate.org\/eu\/"},{"@type":"ListItem","position":2,"name":"Jefatura Superior de Polic\u00eda-Logro\u00f1o"}]},{"@type":"WebSite","@id":"http:\/\/eunate.org\/eu\/#website","url":"http:\/\/eunate.org\/eu\/","name":"Asociaci\u00f3n Eunate Elkartea","description":"Asociaci\u00f3n de Familias de personas sordas de Navarra","publisher":{"@id":"http:\/\/eunate.org\/eu\/#organization"},"potentialAction":[{"@type":"SearchAction","target":{"@type":"EntryPoint","urlTemplate":"http:\/\/eunate.org\/eu\/?s={search_term_string}"},"query-input":{"@type":"PropertyValueSpecification","valueRequired":true,"valueName":"search_term_string"}}],"inLanguage":"eu"},{"@type":"Organization","@id":"http:\/\/eunate.org\/eu\/#organization","name":"Accisor","url":"http:\/\/eunate.org\/eu\/","logo":{"@type":"ImageObject","inLanguage":"eu","@id":"http:\/\/eunate.org\/eu\/#\/schema\/logo\/image\/","url":"https:\/\/accisor.org\/wp-content\/uploads\/2021\/06\/favicon-accisor.png","contentUrl":"https:\/\/accisor.org\/wp-content\/uploads\/2021\/06\/favicon-accisor.png","width":500,"height":500,"caption":"Accisor"},"image":{"@id":"http:\/\/eunate.org\/eu\/#\/schema\/logo\/image\/"}}]}},"_links":{"self":[{"href":"http:\/\/eunate.org\/eu\/wp-json\/wp\/v2\/wpsl_stores\/481","targetHints":{"allow":["GET"]}}],"collection":[{"href":"http:\/\/eunate.org\/eu\/wp-json\/wp\/v2\/wpsl_stores"}],"about":[{"href":"http:\/\/eunate.org\/eu\/wp-json\/wp\/v2\/types\/wpsl_stores"}],"author":[{"embeddable":true,"href":"http:\/\/eunate.org\/eu\/wp-json\/wp\/v2\/users\/1"}],"version-history":[{"count":0,"href":"http:\/\/eunate.org\/eu\/wp-json\/wp\/v2\/wpsl_stores\/481\/revisions"}],"wp:attachment":[{"href":"http:\/\/eunate.org\/eu\/wp-json\/wp\/v2\/media?parent=481"}],"wp:term":[{"taxonomy":"wpsl_store_category","embeddable":true,"href":"http:\/\/eunate.org\/eu\/wp-json\/wp\/v2\/wpsl_store_category?post=481"}],"curies":[{"name":"wp","href":"https:\/\/api.w.org\/{rel}","templated":true}]}}

Jefatura Superior de Policía-Logroño

<p>Dispone de bucle magnético en dos puestos de atención.</p>

<!-- This site is optimized with the Yoast SEO plugin v27.5 - https://yoast.com/product/yoast-seo-wordpress/ -->
<title>Jefatura Superior de Policía-Logroño - Asociación Eunate Elkartea</title>
<meta name="robots" content="index, follow, max-snippet:-1, max-image-preview:large, max-video-preview:-1" />
<link rel="canonical" href="http://eunate.org/eu/bucles/jefatura-superior-de-policia-logrono/" />
<meta property="og:locale" content="en_US" />
<meta property="og:type" content="article" />
<meta property="og:title" content="Jefatura Superior de Policía-Logroño - Asociación Eunate Elkartea" />
<meta property="og:description" content="Dispone de bucle magnético en dos puestos de atención." />
<meta property="og:url" content="http://eunate.org/eu/bucles/jefatura-superior-de-policia-logrono/" />
<meta property="og:site_name" content="Asociación Eunate Elkartea" />
<meta property="article:modified_time" content="2021-09-06T10:54:24+00:00" />
<meta name="twitter:card" content="summary_large_image" />
<script type="application/ld+json" class="yoast-schema-graph">{"@context":"https:\/\/schema.org","@graph":[{"@type":"WebPage","@id":"http:\/\/eunate.org\/bucles\/jefatura-superior-de-policia-logrono\/","url":"http:\/\/eunate.org\/bucles\/jefatura-superior-de-policia-logrono\/","name":"Jefatura Superior de Policía-Logroño - Asociación Eunate Elkartea","isPartOf":{"@id":"http:\/\/eunate.org\/eu\/#website"},"datePublished":"2021-06-09T11:50:55+00:00","dateModified":"2021-09-06T10:54:24+00:00","breadcrumb":{"@id":"http:\/\/eunate.org\/bucles\/jefatura-superior-de-policia-logrono\/#breadcrumb"},"inLanguage":"eu","potentialAction":[{"@type":"ReadAction","target":["http:\/\/eunate.org\/bucles\/jefatura-superior-de-policia-logrono\/"]}]},{"@type":"BreadcrumbList","@id":"http:\/\/eunate.org\/bucles\/jefatura-superior-de-policia-logrono\/#breadcrumb","itemListElement":[{"@type":"ListItem","position":1,"name":"Inicio","item":"http:\/\/eunate.org\/eu\/"},{"@type":"ListItem","position":2,"name":"Jefatura Superior de Policía-Logroño"}]},{"@type":"WebSite","@id":"http:\/\/eunate.org\/eu\/#website","url":"http:\/\/eunate.org\/eu\/","name":"Asociación Eunate Elkartea","description":"Asociación de Familias de personas sordas de Navarra","publisher":{"@id":"http:\/\/eunate.org\/eu\/#organization"},"potentialAction":[{"@type":"SearchAction","target":{"@type":"EntryPoint","urlTemplate":"http:\/\/eunate.org\/eu\/?s={search_term_string}"},"query-input":{"@type":"PropertyValueSpecification","valueRequired":true,"valueName":"search_term_string"}}],"inLanguage":"eu"},{"@type":"Organization","@id":"http:\/\/eunate.org\/eu\/#organization","name":"Accisor","url":"http:\/\/eunate.org\/eu\/","logo":{"@type":"ImageObject","inLanguage":"eu","@id":"http:\/\/eunate.org\/eu\/#\/schema\/logo\/image\/","url":"https:\/\/accisor.org\/wp-content\/uploads\/2021\/06\/favicon-accisor.png","contentUrl":"https:\/\/accisor.org\/wp-content\/uploads\/2021\/06\/favicon-accisor.png","width":500,"height":500,"caption":"Accisor"},"image":{"@id":"http:\/\/eunate.org\/eu\/#\/schema\/logo\/image\/"}}]}</script>
<!-- / Yoast SEO plugin. -->

Jefatura Superior de Policía-Logroño - Asociación Eunate Elkartea

Dispone de bucle magnético en dos puestos de atención.

Asociación Eunate Elkartea

Asociación de Familias de personas sordas de Navarra
